 -1 = 5*m + 44. Let x = m - -6. Let z be (-1 + 0)*(x + 7). Let j(f) = -f**2 - 4*f + 4. Calculate j(z).
4
Let l(i) = -3*i**3 - i**2 - i + 204. Let y(a) = -2*a**3 - a**2 - a + 156. Let u(r) = -3*l(r) + 4*y(r). What is u(-4)?
-64
Suppose -2*t + 38 = 36. Let h be (-24 + 23)*(t + 3). Let l(j) = -j**2 - 4*j - 7. What is l(h)?
-7
Let x be 6/(-27) + (-9)/(324/(-476)). Let m(t) = -88 - x*t + 78 + 10*t. Give m(-3).
-1
Let h be 98/3 - (-44)/33. Suppose 49 = -h*i + 41*i. Let g(j) = -3*j**2 - 11*j + 9. Let x(b) = -4*b**2 - 17*b + 14. Let c(m) = -7*g(m) + 5*x(m). Give c(i).
0
Let v = -7 + 39. Suppose v = -7*h + 11. Let g(z) = -4 + 6 - 4 + 1 - 3*z. What is g(h)?
8
Let k(b) = 4*b - 4 - 8*b**3 - 4*b - 12*b**3 - 3*b**2 + 21*b**3 + 5*b. Calculate k(2).
2
Let j(v) be the first derivative of -4*v**3/3 + v**2 - 3*v - 282. Give j(1).
-5
Let i(o) = -16*o**2 - o - 6. Let n(g) = -120 + 46*g**2 - 15*g + 137 + 17*g. Let p(l) = -11*i(l) - 4*n(l). Determine p(1).
-7
Suppose 0*t = 3*l + t + 6, l + 4 = -t. Let n be 58/l*13/(-2). Let x(d) = -2 + 6 - n*d + 378*d. Determine x(2).
6
Let z(x) = 8*x**2 + 335*x - 39. Let u be z(-42). Let g(w) be the first derivative of -1/2*w**2 + 7 + u*w. Determine g(-6).
9
Let r(p) = 7*p**2 + 9*p + 153. Let j(t) = 3*t**2 + 5*t + 61. Let n(w) = -5*j(w) + 2*r(w). What is n(-14)?
-97
Let o(u) = -814 + 814 - u**2 - 53*u + 29*u - 56*u**3 + 26*u. Give o(1).
-55
Suppose 5*b + 5*v = 5, -4*b + 0 = -2*v - 16. Let j(l) be the first derivative of l**2/2 + l + 1755. What is j(b)?
4
Let m be 10/6*(-13 - 4 - -14). Let s(h) = 3*h**2 - 11*h - 11. What is s(m)?
119
Let v(g) = -30*g - 34. Let a(u) = 14*u - 5. Let l(i) = -2*a(i) - v(i). Give l(-3).
38
Let w(p) = 3*p - 1. Suppose -2*l - 11 = u, 3*u + 10 = -3*l + 8*u. Let k(f) = f**3 + 2*f**2 - 13*f + 4. Let o be k(l). What is w(o)?
-19
Let a(n) = 44*n - 76. Let r(v) = -v**2 - 5*v + 12. Let d(i) = a(i) + 6*r(i). What is d(3)?
-16
Let x(y) = -6*y**3 + 13 - 2*y**3 + 15*y**3 - 4*y**3 - 3*y**2 - 4*y**3 + 19*y. Determine x(-6).
7
Let b be 12/8*12/9*-3. Let v be 14 + -9 - (b + 4). Let q(h) = h**3 - 6*h**2 - 10*h + 10. What is q(v)?
-11
Let p(z) be the first derivative of z**2 + 2*z + 954. What is p(-7)?
-12
Let l(p) be the second derivative of -7*p**3/6 - 2*p**2 + 6250*p. Determine l(3).
-25
Let f = -6 + -5. Let p(h) be the first derivative of h**2 - 2*h - 2806. Give p(f).
-24
Let l = -8823 - -8791. Let j(n) = -n - 29. What is j(l)?
3
Let q(w) = 11*w**3 + 2*w**2 - 4*w + 2. Let s(x) = 4*x**2 - 203*x - 49. Let h be s(51). Calculate q(h).
90
Let m(v) = 16*v**2 + 4*v - 5. Suppose 0 = 6*w + o - 8, -w = -8*o + 6*o - 10. Calculate m(w).
67
Let w(s) = 22*s**2 + 71*s - 154. Let q(u) = -2*u**2 - 3. Let p(k) = -10*q(k) - w(k). Determine p(-38).
-6
Let j be (-2*45/21)/(3/21). Let r be (-34730)/j - (-1)/3. Let i(b) = r + 6*b - 1158 - 3*b. Determine i(-1).
-3
Let p(q) be the second derivative of -8*q**3/3 + 53*q**2/2 - 5092*q. Calculate p(3).
5
Let k(o) = 6*o**2 - 48*o + 12. Let c be (1212/(-45))/(810/(-243)) + 2/(-25). What is k(c)?
12
Let g(k) = 3*k - 4. Let m(z) = 3*z + 19. Let s be m(-3). Let a(d) = -d - 6. Let u be a(-6). Let o be ((-24)/(-20))/((-4)/s) - u. Determine g(o).
-13
Let x(o) = -2*o**2 + 3*o**2 + 3*o**2 + 5 - o**3 + 4*o + 3*o**3 + 4*o**2. Calculate x(-5).
-65
Let a(m) = -13. Let o(z) = -3. Let c(f) = -2*a(f) + 9*o(f). Let g(h) = -h - 8. Let t(b) = 2*c(b) - g(b). Suppose 0 = 2974*p - 2954*p - 120. Give t(p).
12
Let n(p) = 577*p**2 - 36 + 6*p - 569*p**2 + 44 + 2*p**3. Determine n(-5).
-72
Let s = -131 + 295. Suppose 24*m + s = 20*m. Let c = 39 + m. Let b(d) = d**3 + d**2 - d + 1. Give b(c).
-1
Suppose w - 21*n + 26 = 0, -92*w - 12 = -89*w + 3*n. Let f(k) = -25*k - 121. Calculate f(w).
4
Let b = 25 + -23. Let p(d) = -d**3 - 11*d - 6 + 6*d**b + d**2 - 14*d + 27*d. Let h(r) = 4*r**3 - 33*r**2 + 8*r + 7. Let v be h(8). Give p(v).
8
Let r(f) = -f - 1 + 0*f**2 - f - 2*f**2. Let k = 128 + -133. Let z = k + 3. Determine r(z).
-5
Let k(d) = 4*d**3 - 3*d + 4. Let f(z) = -z**3 + z - 1. Let o(u) = -5*f(u) - k(u). Let n be o(0). Let y(q) = -2*q**3 - q**2 - q + 1. What is y(n)?
-3
Let s(n) = -2*n**3 - 14*n**2 - 4*n - 34. Let z(t) = 39*t - 1216. Let a be z(31). What is s(a)?
-6
Suppose -u = -5*j + 3 - 18, -5*u = -3*j - 9. Let k(d) = -2 + 6*d - 3*d + u*d. Let w(q) = 149*q + 6699. Let l be w(-45). Give k(l).
-20
Let r = -27 + 17. Let w(n) = 4*n - 16. Let l(x) = 9*x - 42. Let o(f) = -3*l(f) + 7*w(f). Calculate o(r).
4
Let i be (-3)/3*(2 - (4 - -2)). Let p be (-2 + -2*i/(-8))*9. Let z(v) = -v - 2. What is z(p)?
7
Let w be ((-1)/2 + (-1581)/(-62))*(-3 + 2). Let q(g) = g**2 + 24*g - 29. What is q(w)?
-4
Let q = -5 + 8. Let s(d) = -70*d + 45*d + 20*d + 4 + 2*d**2. Determine s(q).
7
Let r(q) be the third derivative of 1/6*q**3 + 0*q + 0 - 11/24*q**4 - 176*q**2. Give r(5).
-54
Let b(u) = -53*u + 48*u - 161 + 132. Calculate b(-7).
6
Let o(v) = -177*v - 10. Let s(y) = -63*y - 3. Let d(b) = 4*o(b) - 11*s(b). Give d(3).
-52
Let p(b) = -4*b**3 + 2*b**2 - 3*b + 2. Let g be 1/(-2) - (7 + 247/(-26)). Calculate p(g).
-28
Let j(a) = -a**2 - 10*a - 10. Suppose 4*c = 4*u - 1332, u - 335 = c - 2*u. Let f = -340 - c. What is j(f)?
6
Suppose -40 + 175 = 5*i. Suppose -2*v + v + 2*r = i, -2*r - 78 = 4*v. Let k = -13 - v. Let s(t) = t**2 - 8*t - 10. Give s(k).
-10
Let n(w) be the first derivative of -w**3/3 - 12*w**2 - 90*w + 4862. What is n(-21)?
-27
Let q = 2669 - 2677. Let c(z) = z**2 + 10*z + 22. Calculate c(q).
6
Let s(n) = 84*n + 53. Let q(w) = -7*w + 7. Let d(k) = 4*q(k) + 2*s(k). Calculate d(-1).
-6
Let c(q) = 0*q + 15 + 5*q - 2*q. Let a(g) = -g - 7. Suppose -4*r + 28 = 2*t, -263*t + 16 = 2*r - 261*t. Let o(i) = r*c(i) + 13*a(i). Calculate o(-1).
-6
Let x = 959 - 890. Let d(s) = 0*s - 3 - x*s + 68*s. What is d(-8)?
5
Let c(n) = 8*n + 350 - 387 + 9*n - 15*n. Calculate c(12).
-13
Let y = -7 - -12. Let s(u) = 4*u**3 - 3*u**2 + 4*u + 4. Let n(f) = -f**3 - 446 + 885 - 439 - f. Let g(c) = y*n(c) + s(c). Give g(-3).
7
Let r(k) = -k + 11. Let p(s) be the second derivative of s**3/6 - 2*s**2 - 60*s + 35. Let m be (26/4)/(2/4). Let l be p(m). What is r(l)?
2
Let h = 14 - -33. Let s(c) = -24*c + h*c - 21*c + 7. Let a(y) = -1. Let f(p) = -5*a(p) - s(p). Calculate f(-4).
6
Let p(z) = -4*z + 11. Let w(a) = -a**2 - 62*a - 58. Let l be w(-61). Give p(l).
-1
Let l(r) = -6*r**3 + 118*r**2 + 186*r - 112. Let w(i) = -2*i**3 + 39*i**2 + 56*i - 37. Let c(h) = 2*l(h) - 7*w(h). Give c(19).
16
Let k(i) be the third derivative of -143*i + 0 + 1/24*i**4 - 1/3*i**3 + i**2. Give k(6).
4
Suppose -11 + 2 = -3*a. Suppose 4 = -p + a*o, -2*o = 2*p - o - 6. Let x(r) = -1 + 2*r**p + 0*r**2 - 3*r**2 + 2*r + 3. Determine x(3).
-1
Let o(c) = c**3 + 8*c**2 + 11*c + 3. Suppose -427 = 50*m - 127. Calculate o(m).
9
Let d(b) be the second derivative of b**5/20 - 5*b**4/12 + b**3/3 - 3*b**2/2 - b. Let m = -988 + 1234. Let i = -244 + m. What is d(i)?
-11
Suppose 0 = 4372*f - 912*f + 14906 + 2394. Let j(v) be the third derivative of v**4/24 - v**2. Calculate j(f).
-5
Let a(t) = t**2 - t + 7. Let u(x) = -4*x + 19. Let h(r) = -a(r) + u(r). Give h(5).
-28
Let s(a) = -6*a**3 + 21*a - 17*a**2 + 180 - 135 + 5*a**3. What is s(-18)?
-9
Let c be (-1)/(1/(-3) + 0). Let h(z) be the first derivative of -33*z**2 + 85 + 2*z - 6*z + 41*z**2 - 5*z**2. Calculate h(c).
14
Let o(k) = 100*k**2 + 7*k - 46*k**2 + 6 + 2 - 1 - k**3 - 60*k**2. Let p be 12/(-2)*(-4)/(-12). Let m be p/6 - 20/3. Determine o(m).
7
Let y(l) = 2*l**2 - 3*l. Let d be y(2). Suppose 39 = -141*g + 154*g. Let f(a) = -12*a + g + 9*a + d - 2. Determine f(3).
-6
Let q(i) = -14*i**2 + 2 - i**3 + 10*i**2 - 3 - i + 2*i**2. Let n be (1 - -5) + 18 + -20. Suppose -30 = n*l - 26. Calculate q(l).
-1
Let s(x) be the third derivative of x**6/120 + 13*x**5/60 - 2*x**4/3 - 13*x**3/3 - 173*x**2 - 1. Determine s(-14).
2
Let s(u) be the first derivative of -20/3*u**3 + 4 - 26*u - 21/2*u**2 - 1/4*u**4. Let d be s(-19). Let o(x) = -x + 16. Give o(d).
4
Let g(n) = -13917 - 6*n + 4642 + 4641 + 4646. Calculate g(-9).
66
Let b(f) be the first derivative of -f**4/4 - 10*f**3/3 - f**2/2 - 138*f + 5938. Calculate b(-11).
-6
Suppose d = -d + 3*v + 78, -39 = -d - 4*v. Suppose 42*l - 3 = d*l. Let i(u) = -19*u**2 + 2*u - 1. What is i(l)?
-18
Let j(q) = 126*q - 9. Let r(n) = 4*n + 